21*c = 18*c + 301776, 3*c - 3 = 0. Is r composite?
False
Let c = 368690 + -236853. Is c a composite number?
False
Let a = 21 - 1. Suppose -15*s + a = -11*s. Suppose -5503 = -s*v - 4*m, -4*m + 624 = v - 483. Is v a prime number?
False
Let o = 26 + -24. Suppose 0*b + 12 = -4*r + o*b, -4*r + 4*b = 16. Is (1/r)/(1/(-506)*1) prime?
False
Let a = -22466 + 27169. Is a a composite number?
False
Let y = 280 + -134. Suppose 5*m + y = -h + 2629, -4*h - 3*m + 9932 = 0. Is h prime?
False
Is (32/(-24)*9 + 610430)/((-2)/(-2)) composite?
True
Suppose -7*u = -4706350 - 9279349. Is u a composite number?
True
Is (-3212320)/(-168) - (-16)/336 prime?
True
Let k(u) = 8*u + 92. Let x be k(42). Let l = 1293 + x. Is l composite?
False
Let k be 12/42*(-1 + 8). Suppose 0 = 15*a - 14*a - k. Suppose o - 93 = 4*i, -216 = -5*o - a*i + 205. Is o a composite number?
True
Let f(y) be the first derivative of y**7/840 + y**6/45 + 5*y**4/24 + 17*y**3/3 - 4. Let q(c) be the third derivative of f(c). Is q(-4) composite?
True
Let v(k) = 10*k**2 + 13*k - k**2 + 22 - 18 + 19. Is v(-12) a prime number?
True
Suppose 49*h - 214512 - 422929 = -185024. Is h composite?
True
Suppose -174*s = -172*s - 653806. Is s composite?
False
Let v = -216 - -475. Is (-74)/(-2*7/v) a composite number?
True
Is 3/(9/2)*(-2407002)/(-260)*5 composite?
False
Let m = 746 + -2066. Let x = m - -2461. Is x a composite number?
True
Suppose -39*q + 15*q + 1827176 = 80*q. Is q composite?
False
Let i = 65 - 61. Suppose 5*h + 0*y - 4 = i*y, y - 16 = -3*h. Is 1/(-3 + h)*(-2674)/(-2) a prime number?
False
Let y be -7 - (-2 - (-3 + (1 - -1))). Is (3/3)/(7/(-167286)*y) prime?
False
Let g = 474 - 689. Let n = g + 489. Is n a composite number?
True
Suppose 14*n - 182214 = 10*n + 5*y, 0 = -4*n - 2*y + 182256. Is n a composite number?
True
Suppose -d - 6 = -5*g, d + 4 = -g + 4*g. Let o(a) = 2*a. Let u(y) = 135*y**2 - 13*y + 19. Let s(k) = g*u(k) + 3*o(k). Is s(3) a composite number?
False
Let b(s) = -4*s**2. Let k be b(1). Let q = -676 + 2625. Is q - (1/(-6) + k/(-24)) a composite number?
False
Suppose 20*k = 22*k - 14. Let p be (-28)/k + 5 + 3. Suppose -5*o = -4*b - p*o + 17489, 5*b - 21859 = 2*o. Is b a prime number?
True
Suppose 9*v = 111156 - 12525. Suppose -4*x - 5*t = -v, 3*x - 8228 = -t + 6*t. Is x a composite number?
False
Let p be 1/(-4)*1 + (-432013)/(-116). Let h = -785 + p. Is h a prime number?
True
Suppose -2*f + 8 = 0, -f + 4*f + 93 = 5*v. Is (-1*(-3)/2)/(v/24878) a prime number?
True
Suppose -2*b + 6 = 8*u - 4*u, -4*b = -3*u - 1. Is 1*(-5 - -6637 - u) a composite number?
True
Let b be 2/(10/25) - 12. Let i(q) = -291*q + 124. Is i(b) prime?
True
Let y = -431 + 478. Suppose 0 = -y*c + 50*c - 27177. Is c prime?
True
Suppose -10*d = -100170 - 166060. Is d a composite number?
True
Let p = 10346 - 4659. Suppose 2*u = 3*r + p - 411, -13190 = -5*u - 5*r. Is u prime?
False
Suppose -y - 3 + 2 = -3*z, -3*z + 2*y - 4 = 0. Let b be 338/4 + (z/(-4) - 1). Suppose 2*x - x - b = 0. Is x a composite number?
False
Let z be 5 - (-6)/((-10)/5). Suppose 0 = 2*n + g - z*g - 4714, n - g = 2355. Is n a composite number?
True
Let n = 261131 + -38866. Is n prime?
False
Let d = 91 - 163. Is 48/d - 2636/(-3) prime?
False
Let t(n) = -168 - 407*n - 65*n + 1. Is t(-15) composite?
True
Suppose -3*j = -l - 4, -l = -5*j - 5*l + 35. Suppose 4 = -i - 2*w + 14, 15 = 5*i + j*w. Suppose -3*x + x + 298 = i. Is x composite?
False
Let g(o) = -1091*o**3 - 3*o**2 - 2*o - 31. Is g(-4) a composite number?
True
Let h(w) = 121*w - 6. Let b(i) be the first derivative of -12*i**2 + i - 14. Let n(o) = 11*b(o) + 2*h(o). Is n(-5) a composite number?
False
Suppose -5*c + c + 8 = 0, 0 = 4*y + 2*c - 32. Let f be 18/63 - (0 - (-30)/y). Is (-140)/f*(0 + 1) composite?
True
Let q(d) = -262*d**3 + 12*d**2 - 45*d - 3. Is q(-10) composite?
False
Let h = -24 + 27. Let j(o) = 647*o - 32. Is j(h) a prime number?
False
Let m be (-5 - (-174)/(-12))*(-8)/3. Let f = m + -44. Suppose -5*y - 897 = -f*y. Is y a composite number?
True
Let q = -4 - -10. Suppose -q*m + 3*p + 16 = -4*m, 2*m - 20 = 4*p. Suppose -4*b = 3*n + n - 28, 8 = m*b + 4*n. Is b composite?
True
Let b = -76352 - -151359. Is b a composite number?
True
Suppose 3*w - p = 2*w + 1223732, -6 = -2*p. Is w prime?
False
Let s be 16/88 + (-196)/(-11). Let r(i) = -5 + 36 + 3*i - 18. Is r(s) a composite number?
False
Suppose 5*d - j = -0 + 1, -4*d = -5*j + 16. Is d/(((-2)/20)/(2935/(-10))) a composite number?
True
Suppose t = -194 - 1310. Let m = t + 3297. Is m composite?
True
Suppose -3*t - 5*o - 24 = -0*o, -t - 5*o = 8. Is 87*3 + t/(-28)*14 composite?
True
Let q(l) = -2*l**3 - 5*l**2 - 5*l - 23. Let j be q(7). Let t = -810 - j. Is t a prime number?
True
Let c = 138 - 128. Let i(t) = -t + 7. Let q be i(c). Is (-4)/q - 1 - 3804/(-36) composite?
True
Suppose -16*l + 13*l = 3. Is (l/(-2))/((-40)/(-323920)) composite?
False
Suppose -4*r + 44 = 4*f, -3*r = 2*r - 2*f - 62. Suppose -54*s = -r*s - 418614. Is s composite?
False
Let p(k) = -83*k**2 + 8*k + 5*k**3 + 81*k**2 - 10*k**3 - 5. Let n be p(-6). Let r = n - 456. Is r a prime number?
True
Let l(d) = 3*d**2 - 9*d - 13. Let w be l(9). Suppose 1885 = 7*a + w. Suppose g = -3*g + a. Is g composite?
True
Suppose 0 = -4*u + 4*m + 16, 46*u - 48*u + 18 = 3*m. Suppose 0 = u*f + 7*f - 29809. Is f composite?
False
Suppose 5*b = b - 16. Let p(n) = n**3 + n**2 + n - 1. Let x(t) = 9*t**3 + 7*t**2 + 3*t - 9. Let v(i) = 2*p(i) - x(i). Is v(b) a prime number?
True
Suppose -x + 4 = -5*w, -4*x + 8 = 2*w - 2*x. Let z(y) = -y**2 - y + y**2 + 571 - y**2 + 2*y. Is z(w) a prime number?
True
Is ((-42)/(-6) + 0)/((-2)/(-68806)) a composite number?
True
Let i = 2029 + -126. Is i prime?
False
Let z be ((-102)/(-4))/(3/6). Let n be (-16)/(-80) - 11/(55/(-54)). Suppose j - z = n. Is j composite?
True
Suppose -444*r + 440*r + 626140 = 0. Is r a prime number?
False
Is (17 - (-14283)/(-46))*-106 a prime number?
False
Is (-5819)/(-759) - (-17710950)/9 a prime number?
True
Let f(a) = 4229*a**3 + 12*a**2 - 87*a + 15. Is f(7) a composite number?
True
Suppose 2*w - 1828 = -1806. Let n(d) = 11*d**3 - 14*d**2 + 10*d + 10. Is n(w) prime?
False
Let z = -486884 + 1460031. Is z a composite number?
True
Suppose -5*n - n = -21954. Suppose -5*i + 4926 = -n. Is i prime?
False
Let l be 126 - (6/(-10) - (-48)/30). Suppose -3*n - 2*h - 1266 = l, 0 = 4*n + 2*h + 1858. Let c = 2616 + n. Is c prime?
False
Suppose 230*r = 199688934 - 31763404. Is r composite?
False
Suppose 0*f - 20 = -4*f, -5*f + 41 = h. Let p be ((-10558)/(-8))/(h/64). Let m = p - 3636. Is m composite?
True
Let w be (-3)/(-3) + 0 + 3 + 59. Let t be ((-420)/w)/((-4)/4254). Suppose 10*s - t = -0*s. Is s composite?
False
Suppose -45 = -5*g + 35. Suppose 3*y - g = -5*y. Suppose 2705 = y*u + 3*u. Is u a prime number?
True
Suppose j + j = -2*v + 135454, -270928 = -4*j + 6*v. Is j composite?
True
Let b(u) = -6055*u + 10. Suppose 3*l + 3 = -l - 5*n, -2*l - 4*n = 0. Let c be b(l). Suppose -4*f + 2*h + 9702 = 0, h + c = -f + 6*f. Is f prime?
True
Let m = -49037 - -70956. Is m a composite number?
True
Let i(o) = 2*o + 8. Let j be i(-4). Let s(y) = -y**3 - y**2 - 2*y - 1140. Let l be s(j). Let q = l + 1754. Is q a prime number?
False
Suppose r + 4*b = 233009, -1165111 = -5*r + 315*b - 313*b. Is r a composite number?
False
Is 5875860/50 + -7 + 24/30 a prime number?
True
Let d be 8/(-24) + 98/6. Suppose 4*v - d = 0, -v + 163 + 18 = 3*q. Is q a prime number?
True
Let f = 18746 + -12108. Is f a composite number?
True
Let t = 4621667 - 2768490. Is t prime?
True
Let f be 11 + 10/(-6) - (-1)/(-3). Is f - 3 - (-1 - 519) a prime number?
False
Let o = -47 - 393. Is (-6 + o)/((-2)/79) a composite number?
True
Suppose 0 = -4*o + 5*c - 5, -4*c + 4 = 5*o - 4*o. Suppose -b - 7 + 13 = o. Suppose b*m = 438 + 1044. Is m a prime number?
False
Let v(t) = -240*t**3 + 26*t**3 - 350*t**3. Let n be v(-1). Let w = n - -1375. Is w a composite number?
True
Let r(h) = h**3 - 2*h**2 - 2*h. Let j be r(4). Let c = -17 + j. Let l(y) = 2*y**3 - 9*y**2 - 6*y - 12. Is l(c) a composite number?
False
Suppose 2*y - 7*o + 2*o = 18, 5*y - 26 = 3*o. Suppose -7 - 22 = -2*f + h, y*h = -20. Suppose f*q - 16612 = 8*q. Is q a prime number?
True
Suppose 0 = 4*d - 10*d + 72. Suppose -d = -x - 44. Is (x - -1)/(1 - 3 - -1) a